{"id":20296,"date":"2022-11-17T15:55:33","date_gmt":"2022-11-17T15:55:33","guid":{"rendered":"https:\/\/luchat8.com\/?post_type=event&amp;p=20296"},"modified":"2022-11-17T15:55:33","modified_gmt":"2022-11-17T15:55:33","slug":"teslas-planet","status":"publish","type":"event","link":"https:\/\/luchat8.com\/en\/event\/teslas-planet\/","title":{"rendered":"Tesla&#8217;s Planet"},"content":{"rendered":"<p>Tesla Planet is a two-day hybrid event that will bring together some of the regional and some of the world&#8217;s most renowned figures from well-being and beyond &#8211; a blend of content comprised of Innovators, Thinkers, Scientists, and Futurists. In a world of information overload, Tesla&#8217;s Planet focuses on the issues most relevant to today\u2019s business people, stimulating new thinking and inspiring action. We wanted to inspire as many people as possible, so to visit this year&#8217;s event, it will be enough to register via the form. The 200 fastest visitors will have the opportunity to interact with the speakers live, while everyone else will be able to follow the event via a link from the warmth of their homes or wherever they are. Everyone who registers has the opportunity to buy early bird tickets for our upcoming events and be the first to learn the names of the world&#8217;s futurists who will come to Novi Sad.<\/p>\n<p>Members of the Lucha T8 team will be speaking on the event including Vanja Grbi\u0107, Predrag Dugali\u0107, MD, and Milan Rajkovi\u0107 PhD on various topics from science t0 well-being and self-help.<\/p>\n","protected":false},"excerpt":{"rendered":"<p>Tesla Planet is a two-day hybrid event that will bring together some of the regional and some of the world&#8217;s most renowned figures from well-being and beyond &#8211; a blend of content comprised of Innovators, Thinkers, Scientists, and Futurists. In a world of information overload, Tesla&#8217;s Planet focuses on the issues most relevant to today\u2019s [&hellip;]<\/p>\n","protected":false},"author":7,"featured_media":20299,"template":"","meta":{"_acf_changed":false,"footnotes":""},"tags":[37,35],"class_list":["post-20296","event","type-event","status-publish","has-post-thumbnail","hentry","tag-well-being-sr","tag-science-sr"],"acf":[],"yoast_head":"<!-- This site is optimized with the Yoast SEO plugin v27.3 - https:\/\/yoast.com\/product\/yoast-seo-wordpress\/ -->\n<title>Tesla&#039;s Planet - Lucha T8<\/title>\n<meta name=\"robots\" content=\"index, follow, max-snippet:-1, max-image-preview:large, max-video-preview:-1\" \/>\n<link rel=\"canonical\" href=\"https:\/\/luchat8.com\/event\/teslas-planet\/\" \/>\n<meta property=\"og:locale\" content=\"en_US\" \/>\n<meta property=\"og:type\" content=\"article\" \/>\n<meta property=\"og:title\" content=\"Tesla&#039;s Planet - Lucha T8\" \/>\n<meta property=\"og:description\" content=\"Tesla Planet is a two-day hybrid event that will bring together some of the regional and some of the world&#8217;s most renowned figures from well-being and beyond &#8211; a blend of content comprised of Innovators, Thinkers, Scientists, and Futurists. In a world of information overload, Tesla&#8217;s Planet focuses on the issues most relevant to today\u2019s [&hellip;]\" \/>\n<meta property=\"og:url\" content=\"https:\/\/luchat8.com\/event\/teslas-planet\/\" \/>\n<meta property=\"og:site_name\" content=\"Lucha T8\" \/>\n<meta property=\"article:publisher\" content=\"https:\/\/www.facebook.com\/LuchaT8\" \/>\n<meta property=\"og:image\" content=\"https:\/\/luchat8.com\/wp-content\/uploads\/2022\/11\/Screenshot-2022-11-17-at-16.56.33-1-1-1-1.png\" \/>\n\t<meta property=\"og:image:width\" content=\"2016\" \/>\n\t<meta property=\"og:image:height\" content=\"1156\" \/>\n\t<meta property=\"og:image:type\" content=\"image\/png\" \/>\n<meta name=\"twitter:card\" content=\"summary_large_image\" \/>\n<meta name=\"twitter:label1\" content=\"Est. reading time\" \/>\n\t<meta name=\"twitter:data1\" content=\"1 minute\" \/>\n<script type=\"application\/ld+json\" class=\"yoast-schema-graph\">{\"@context\":\"https:\\\/\\\/schema.org\",\"@graph\":[{\"@type\":\"WebPage\",\"@id\":\"https:\\\/\\\/luchat8.com\\\/event\\\/teslas-planet\\\/\",\"url\":\"https:\\\/\\\/luchat8.com\\\/event\\\/teslas-planet\\\/\",\"name\":\"Tesla's Planet - Lucha T8\",\"isPartOf\":{\"@id\":\"https:\\\/\\\/luchat8.com\\\/#website\"},\"primaryImageOfPage\":{\"@id\":\"https:\\\/\\\/luchat8.com\\\/event\\\/teslas-planet\\\/#primaryimage\"},\"image\":{\"@id\":\"https:\\\/\\\/luchat8.com\\\/event\\\/teslas-planet\\\/#primaryimage\"},\"thumbnailUrl\":\"https:\\\/\\\/luchat8.com\\\/wp-content\\\/uploads\\\/2022\\\/11\\\/Screenshot-2022-11-17-at-16.56.33-1-1-1-1.png\",\"datePublished\":\"2022-11-17T15:55:33+00:00\",\"breadcrumb\":{\"@id\":\"https:\\\/\\\/luchat8.com\\\/event\\\/teslas-planet\\\/#breadcrumb\"},\"inLanguage\":\"en-US\",\"potentialAction\":[{\"@type\":\"ReadAction\",\"target\":[\"https:\\\/\\\/luchat8.com\\\/event\\\/teslas-planet\\\/\"]}]},{\"@type\":\"ImageObject\",\"inLanguage\":\"en-US\",\"@id\":\"https:\\\/\\\/luchat8.com\\\/event\\\/teslas-planet\\\/#primaryimage\",\"url\":\"https:\\\/\\\/luchat8.com\\\/wp-content\\\/uploads\\\/2022\\\/11\\\/Screenshot-2022-11-17-at-16.56.33-1-1-1-1.png\",\"contentUrl\":\"https:\\\/\\\/luchat8.com\\\/wp-content\\\/uploads\\\/2022\\\/11\\\/Screenshot-2022-11-17-at-16.56.33-1-1-1-1.png\",\"width\":2016,\"height\":1156,\"caption\":\"lucha-t8-event-teslas-planet-cover\"},{\"@type\":\"BreadcrumbList\",\"@id\":\"https:\\\/\\\/luchat8.com\\\/event\\\/teslas-planet\\\/#breadcrumb\",\"itemListElement\":[{\"@type\":\"ListItem\",\"position\":1,\"name\":\"Home\",\"item\":\"https:\\\/\\\/luchat8.com\\\/en\\\/\"},{\"@type\":\"ListItem\",\"position\":2,\"name\":\"Tesla&#8217;s Planet\"}]},{\"@type\":\"WebSite\",\"@id\":\"https:\\\/\\\/luchat8.com\\\/#website\",\"url\":\"https:\\\/\\\/luchat8.com\\\/\",\"name\":\"Lucha T8\",\"description\":\"\",\"publisher\":{\"@id\":\"https:\\\/\\\/luchat8.com\\\/#organization\"},\"potentialAction\":[{\"@type\":\"SearchAction\",\"target\":{\"@type\":\"EntryPoint\",\"urlTemplate\":\"https:\\\/\\\/luchat8.com\\\/?s={search_term_string}\"},\"query-input\":{\"@type\":\"PropertyValueSpecification\",\"valueRequired\":true,\"valueName\":\"search_term_string\"}}],\"inLanguage\":\"en-US\"},{\"@type\":\"Organization\",\"@id\":\"https:\\\/\\\/luchat8.com\\\/#organization\",\"name\":\"Lucha T8\",\"url\":\"https:\\\/\\\/luchat8.com\\\/\",\"logo\":{\"@type\":\"ImageObject\",\"inLanguage\":\"en-US\",\"@id\":\"https:\\\/\\\/luchat8.com\\\/#\\\/schema\\\/logo\\\/image\\\/\",\"url\":\"https:\\\/\\\/luchat8.com\\\/wp-content\\\/uploads\\\/2024\\\/12\\\/65098b045dbf03f9f025ad3a_logo.svg\",\"contentUrl\":\"https:\\\/\\\/luchat8.com\\\/wp-content\\\/uploads\\\/2024\\\/12\\\/65098b045dbf03f9f025ad3a_logo.svg\",\"caption\":\"Lucha T8\"},\"image\":{\"@id\":\"https:\\\/\\\/luchat8.com\\\/#\\\/schema\\\/logo\\\/image\\\/\"},\"sameAs\":[\"https:\\\/\\\/www.facebook.com\\\/LuchaT8\",\"https:\\\/\\\/www.linkedin.com\\\/company\\\/lucha-t8\\\/\"]}]}<\/script>\n<!-- \/ Yoast SEO plugin. -->","yoast_head_json":{"title":"Tesla's Planet - Lucha T8","robots":{"index":"index","follow":"follow","max-snippet":"max-snippet:-1","max-image-preview":"max-image-preview:large","max-video-preview":"max-video-preview:-1"},"canonical":"https:\/\/luchat8.com\/event\/teslas-planet\/","og_locale":"en_US","og_type":"article","og_title":"Tesla's Planet - Lucha T8","og_description":"Tesla Planet is a two-day hybrid event that will bring together some of the regional and some of the world&#8217;s most renowned figures from well-being and beyond &#8211; a blend of content comprised of Innovators, Thinkers, Scientists, and Futurists. In a world of information overload, Tesla&#8217;s Planet focuses on the issues most relevant to today\u2019s [&hellip;]","og_url":"https:\/\/luchat8.com\/event\/teslas-planet\/","og_site_name":"Lucha T8","article_publisher":"https:\/\/www.facebook.com\/LuchaT8","og_image":[{"width":2016,"height":1156,"url":"https:\/\/luchat8.com\/wp-content\/uploads\/2022\/11\/Screenshot-2022-11-17-at-16.56.33-1-1-1-1.png","type":"image\/png"}],"twitter_card":"summary_large_image","twitter_misc":{"Est. reading time":"1 minute"},"schema":{"@context":"https:\/\/schema.org","@graph":[{"@type":"WebPage","@id":"https:\/\/luchat8.com\/event\/teslas-planet\/","url":"https:\/\/luchat8.com\/event\/teslas-planet\/","name":"Tesla's Planet - Lucha T8","isPartOf":{"@id":"https:\/\/luchat8.com\/#website"},"primaryImageOfPage":{"@id":"https:\/\/luchat8.com\/event\/teslas-planet\/#primaryimage"},"image":{"@id":"https:\/\/luchat8.com\/event\/teslas-planet\/#primaryimage"},"thumbnailUrl":"https:\/\/luchat8.com\/wp-content\/uploads\/2022\/11\/Screenshot-2022-11-17-at-16.56.33-1-1-1-1.png","datePublished":"2022-11-17T15:55:33+00:00","breadcrumb":{"@id":"https:\/\/luchat8.com\/event\/teslas-planet\/#breadcrumb"},"inLanguage":"en-US","potentialAction":[{"@type":"ReadAction","target":["https:\/\/luchat8.com\/event\/teslas-planet\/"]}]},{"@type":"ImageObject","inLanguage":"en-US","@id":"https:\/\/luchat8.com\/event\/teslas-planet\/#primaryimage","url":"https:\/\/luchat8.com\/wp-content\/uploads\/2022\/11\/Screenshot-2022-11-17-at-16.56.33-1-1-1-1.png","contentUrl":"https:\/\/luchat8.com\/wp-content\/uploads\/2022\/11\/Screenshot-2022-11-17-at-16.56.33-1-1-1-1.png","width":2016,"height":1156,"caption":"lucha-t8-event-teslas-planet-cover"},{"@type":"BreadcrumbList","@id":"https:\/\/luchat8.com\/event\/teslas-planet\/#breadcrumb","itemListElement":[{"@type":"ListItem","position":1,"name":"Home","item":"https:\/\/luchat8.com\/en\/"},{"@type":"ListItem","position":2,"name":"Tesla&#8217;s Planet"}]},{"@type":"WebSite","@id":"https:\/\/luchat8.com\/#website","url":"https:\/\/luchat8.com\/","name":"Lucha T8","description":"","publisher":{"@id":"https:\/\/luchat8.com\/#organization"},"potentialAction":[{"@type":"SearchAction","target":{"@type":"EntryPoint","urlTemplate":"https:\/\/luchat8.com\/?s={search_term_string}"},"query-input":{"@type":"PropertyValueSpecification","valueRequired":true,"valueName":"search_term_string"}}],"inLanguage":"en-US"},{"@type":"Organization","@id":"https:\/\/luchat8.com\/#organization","name":"Lucha T8","url":"https:\/\/luchat8.com\/","logo":{"@type":"ImageObject","inLanguage":"en-US","@id":"https:\/\/luchat8.com\/#\/schema\/logo\/image\/","url":"https:\/\/luchat8.com\/wp-content\/uploads\/2024\/12\/65098b045dbf03f9f025ad3a_logo.svg","contentUrl":"https:\/\/luchat8.com\/wp-content\/uploads\/2024\/12\/65098b045dbf03f9f025ad3a_logo.svg","caption":"Lucha T8"},"image":{"@id":"https:\/\/luchat8.com\/#\/schema\/logo\/image\/"},"sameAs":["https:\/\/www.facebook.com\/LuchaT8","https:\/\/www.linkedin.com\/company\/lucha-t8\/"]}]}},"_links":{"self":[{"href":"https:\/\/luchat8.com\/en\/wp-json\/wp\/v2\/event\/20296","targetHints":{"allow":["GET"]}}],"collection":[{"href":"https:\/\/luchat8.com\/en\/wp-json\/wp\/v2\/event"}],"about":[{"href":"https:\/\/luchat8.com\/en\/wp-json\/wp\/v2\/types\/event"}],"author":[{"embeddable":true,"href":"https:\/\/luchat8.com\/en\/wp-json\/wp\/v2\/users\/7"}],"version-history":[{"count":0,"href":"https:\/\/luchat8.com\/en\/wp-json\/wp\/v2\/event\/20296\/revisions"}],"wp:featuredmedia":[{"embeddable":true,"href":"https:\/\/luchat8.com\/en\/wp-json\/wp\/v2\/media\/20299"}],"wp:attachment":[{"href":"https:\/\/luchat8.com\/en\/wp-json\/wp\/v2\/media?parent=20296"}],"wp:term":[{"taxonomy":"post_tag","embeddable":true,"href":"https:\/\/luchat8.com\/en\/wp-json\/wp\/v2\/tags?post=20296"}],"curies":[{"name":"wp","href":"https:\/\/api.w.org\/{rel}","templated":true}]}}

<p>Tesla Planet is a two-day hybrid event that will bring together some of the regional and some of the world&#8217;s most renowned figures from well-being and beyond &#8211; a blend of content comprised of Innovators, Thinkers, Scientists, and Futurists. In a world of information overload, Tesla&#8217;s Planet focuses on the issues most relevant to today’s business people, stimulating new thinking and inspiring action. We wanted to inspire as many people as possible, so to visit this year&#8217;s event, it will be enough to register via the form. The 200 fastest visitors will have the opportunity to interact with the speakers live, while everyone else will be able to follow the event via a link from the warmth of their homes or wherever they are. Everyone who registers has the opportunity to buy early bird tickets for our upcoming events and be the first to learn the names of the world&#8217;s futurists who will come to Novi Sad.</p>
<p>Members of the Lucha T8 team will be speaking on the event including Vanja Grbić, Predrag Dugalić, MD, and Milan Rajković PhD on various topics from science t0 well-being and self-help.</p>
